-2)/20). Let k(z) = 2*z + 34. Let a be k(s). Let c be 5*(22 + -2 - 0). Calculate the highest common factor of c and a.
10
Let x = -17 + 23. What is the highest common factor of x and 246?
6
Let f be 392/12*(164/8 - 4). Calculate the greatest common divisor of 343 and f.
49
Let z = 55 - 22. Suppose -z = -d + 3. Suppose -d = -0*u - 3*u. Calculate the highest common divisor of 3 and u.
3
Suppose -3*i + 741 = 4*g, 3*i + g = -0*g + 741. Calculate the greatest common factor of 26 and i.
13
Let y = 130 - 99. Let r(i) = i + 18. Let b be r(-14). Suppose -6*p + 2*p = -3*n - 614, -5*n - 610 = -b*p. What is the highest common divisor of y and p?
31
Let g = -26 + 35. Let r = 37 + 35. Suppose 5*k - r = 4*k. Calculate the greatest common divisor of g and k.
9
Let c(f) = f**3 + 9*f**2 + 7*f - 6. Let d be c(-8). Let y = 34 + 41. Suppose 29 + y = d*i. Calculate the greatest common divisor of i and 130.
26
Let a = 1188 + -778. What is the highest common factor of a and 50?
10
Let n(c) = c**2 + 9*c - 16. Suppose 5 = -3*d + 65. Suppose -14 = x + 3*q, -d + 63 = -4*x + q. Let k be n(x). What is the highest common factor of 18 and k?
6
Let q(c) = 3*c**2 + 4*c - 6. Let s be q(2). Suppose -5 = 2*n + 3*w, -3*n - 3*w + 2 - 5 = 0. What is the highest common factor of s and n?
2
Let d(m) = -26*m - 512. Let t be d(-20). What is the greatest common factor of 56 and t?
8
Let x(i) = 4*i**2 - 4*i + 3. Let l be x(3). Let g be (-3 - 0)*-2*6/4. What is the highest common divisor of l and g?
9
Let g = -222 + 266. What is the highest common divisor of g and 6?
2
Let h(c) = -2*c**2 - 23*c - 40. Let b be h(-9). Let k(q) = -q**3 + 4*q. Let s be k(-3). What is the greatest common factor of s and b?
5
Let v be 947/9 + 4/(-18). Suppose -2*g = 2*h + 9 - 1, -h - 5*g - 16 = 0. Let f be (-61)/(-3) + h + (-10)/(-6). Calculate the highest common factor of f and v.
21
Let j(f) = -6 + 23*f**3 + 19 - 22*f**3 + 6*f**2. Let o be j(-6). What is the highest common factor of 169 and o?
13
Suppose 5*o = -s + 370, 3*o - 222 = -11*s + 7*s. What is the greatest common factor of o and 1813?
37
Let z = 828 + -792. What is the highest common divisor of z and 63?
9
Suppose 8*h = 4*h + 284. Suppose -19 = 9*v + h. Let c be v/55 + (-312)/(-22). Calculate the greatest common factor of 42 and c.
14
Let h(v) = v**3 - 4*v**2 - 7*v + 4. Let u be h(5). Let g be 36/8 - (-9)/u. Suppose -g*z + 63 = -2*z. Calculate the highest common factor of 9 and z.
9
Suppose -i + 14 = -0*i. Let c be 592/i - 18/63. Calculate the highest common factor of 21 and c.
21
Let h = -21 - -39. Let d(l) = 2*l - 1. Let a(r) = -r + 1. Let q(u) = -4*a(u) - d(u). Let b be q(h). Calculate the greatest common factor of 11 and b.
11
Let j be -85*(-7)/105*6. What is the highest common factor of 102 and j?
34
Suppose -n + 25 = 18. Let y(d) = 3*d - 3. Let m be y(n). What is the highest common factor of 42 and m?
6
Suppose -4 = q + q, j + 2*q = -42. Let b be 9/2*j/(-57). What is the greatest common factor of b and 30?
3
Let c be (-4)/30 - (-893)/285. Let z(r) be the first derivative of 5*r**2/2 + 4*r - 2. Let j be z(c). What is the highest common divisor of j and 95?
19
Suppose 2*h - 695 = l, -l + 0*l + 705 = 2*h. Let j = 82 - 47. Calculate the highest common factor of h and j.
35
Suppose 0 = -4*n + 13 + 23. Let m = -5 + n. Let h be -33*(-1 + m/(-6)). What is the highest common factor of 5 and h?
5
Let t = -20 + 6. Let g(x) = 2*x**2 + 12*x + 21. Let y be g(t). Suppose y = 4*c + 5*l, 2*l + 10 = -c + 69. Calculate the greatest common divisor of 26 and c.
13
Let g be (4/(-5))/(2/(-280)). Let q = g - 97. Suppose -n = -4 - 2. What is the greatest common factor of q and n?
3
Let c = 37 - 29. Let m(p) = -p**2 + 10*p. Let l be m(c). Calculate the greatest common factor of 80 and l.
16
Let i(t) = -4*t + 35. Let d be i(0). Calculate the highest common divisor of 280 and d.
35
Let z(f) = 8*f**2 - f + 30. Let v be z(10). Calculate the highest common factor of 20 and v.
20
Suppose -5*h = 4*k - 48, -5*h + 5*k + 49 + 26 = 0. Calculate the highest common factor of 204 and h.
12
Let b = -93 + 133. What is the greatest common factor of b and 60?
20
Let r = -2 + 5. Suppose r*c + 4 = 4*c. Suppose 5*p + c*x - 74 = 0, 0 = -3*p - 0*p - 5*x + 47. What is the highest common factor of p and 154?
14
Let a be 0/(88/(-24) - (-2)/3). Suppose d - 4*l = 4*d - 239, a = 4*l + 4. What is the greatest common divisor of 54 and d?
27
Suppose -a + 3*w = 6 - 4, 0 = -6*w + 30. Suppose -i = -1 - 25. Calculate the greatest common factor of a and i.
13
Let a(u) = -u**2 + 2*u - 24. Let i be a(0). Let v = 43 + i. What is the greatest common factor of 76 and v?
19
Let c(w) = -w**2 - 8*w + 11. Let d be c(-9). Suppose d*b + b - 1 = 2*t, -2*t = b - 3. What is the greatest common divisor of 1 and t?
1
Suppose -5*h + 2*h = -192. What is the greatest common factor of h and 16?
16
Suppose 28*u - 12*u - 368 = 0. Calculate the greatest common factor of u and 1.
1
Let u be (-2)/(-14) + (-1554)/(-98). What is the greatest common divisor of 464 and u?
16
Let r be -5 - ((-4)/(-14) - 3333/77). Calculate the highest common divisor of 19 and r.
19
Let v be -10*(2 + -1) - -2. Let j be 1 + -3 - v - 3. Suppose d + 2*d = 63. What is the greatest common divisor of d and j?
3
Suppose -4*a - 8 + 2 = r, -4*r + 4*a = -16. Suppose r*n - 13 = -11. Let t = 3 + -1. Calculate the greatest common divisor of n and t.
1
Let f = 57 + -11. Let c = -29 + f. Calculate the greatest common divisor of c and 136.
17
Let z be (-282)/(-8) - (-72)/96. Suppose 6*n - 96 = 2*n. Calculate the highest common divisor of z and n.
12
Let c = 211 + -197. Calculate the highest common factor of 518 and c.
14
Let z = 345 - 341. Calculate the greatest common divisor of 5 and z.
1
Let q = 17 + -15. Suppose -q*w = -w. Suppose 2*z - 5*m - 30 = w, 0*z - 74 = -4*z + 3*m. Calculate the highest common factor of 50 and z.
10
Let b be -2*1/(-2) - -3. Suppose 0 = -3*p + 9 + 3. Let w = -2 + p. Calculate the greatest common factor of b and w.
2
Let a = -306 + 787. Let t = a + -337. Calculate the greatest common factor of t and 16.
16
Let z be (-51)/(-1*(-9)/(-6)). Suppose -4*s = -z - 2. Calculate the greatest common divisor of s and 63.
9
Suppose -5*i + 742 = -4*t, 32 - 474 = -3*i + 4*t. What is the highest common divisor of i and 390?
30
Suppose -2*y - l - 2*l + 5 = 0, 0 = -4*y - 2*l + 22. Suppose 15 = -y*m + 12*m. Calculate the greatest common divisor of 15 and m.
3
Suppose 0*c + 16 = 4*c, l - 15 = 2*c. Let s = 213 + -121. Calculate the highest common factor of s and l.
23
Suppose -57 = -c + 4*t, 3*t + 89 = -0*c + 2*c. Let z = c - 16. Let o = z + -6. Calculate the greatest common divisor of o and 15.
15
Let w be -1220*((-16)/(-16))/(2 + -3). What is the greatest common divisor of w and 40?
20
Let h(w) = -36*w - 3. Let x(o) = 2*o**3 - 2*o - 1. Let y be x(-1). Let j be h(y). What is the highest common factor of 11 and j?
11
Suppose -q - 21 = -51. Suppose 2*c - 82 = 4*l, -4*c + 88 = -2*c - 2*l. Suppose 0 = -g + c + 103. What is the highest common divisor of q and g?
30
Suppose 0 = 63*o - 70*o + 252. Calculate the highest common factor of 2556 and o.
36
Suppose -8*m = -5*m - 417. Suppose 70 = -2*s - 16. Let y = s + m. What is the highest common factor of y and 12?
12
Let d = 419 - 254. Calculate the greatest common factor of 15 and d.
15
Suppose -5*s = 50 + 20. Let d be 3/(3/(-2)) - s. Let w = 30 - d. What is the highest common divisor of 9 and w?
9
Let v(l) = l**2 + 3*l - 4. Let d be v(-3). Let f(a) = -4*a - 5. Let p be f(d). What is the greatest common divisor of p and 11?
11
Let u(b) = b**3 - 20*b**2 + 23*b - 82. Let m be u(20). Calculate the highest common divisor of m and 14.
14
Suppose -18 - 15 = 3*d. Let w(a) = -3*a + 2. Let i be w(d). Let r = 16 + -11. Calculate the greatest common factor of i and r.
5
Let s(p) = p**2 + 9*p + 10. Let u be s(-8). Suppose 0 = -0*o + u*o - 42. Suppose 3*f = 9*f - 1386. What is the highest common divisor of f and o?
21
Let c be 4/(-4*(-6)/12). Suppose 5*f + 4*d = 3*f + 62, d = -c. What is the highest common factor of 5 and f?
5
Suppose -14*r + 260 = -9*r. Suppose 56 = c + r. What is the greatest common factor of c and 36?
4
Let z = 10 + 13. Let w be ((-108)/8)/((-9)/(-24)). Let l be 366/4 - (-6)/w*-3. Calculate the highest common 